se
Is 148 a factor of 46271052?
False
Is 14 a factor of 1282732948?
True
Does 19 divide 1330794542?
True
Is 40568865 a multiple of 588?
False
Is 4390 a factor of 399367080?
True
Is 85665 a multiple of 2?
False
Is 731 a factor of 166067118?
True
Does 34 divide 50067055?
False
Is 37 a factor of 1914970594?
True
Is 24666490 a multiple of 85?
True
Does 52 divide 46212036?
True
Is 247 a factor of 2574975?
True
Does 76 divide 14415615?
False
Is 247403215 a multiple of 89?
False
Is 78720782 a multiple of 7?
True
Does 3 divide 37360584?
True
Does 26 divide 572062979?
False
Is 1891717 a multiple of 36?
False
Is 11 a factor of 535643922?
True
Does 421 divide 720675799?
True
Is 6 a factor of 145837878?
True
Is 70 a factor of 15845002?
False
Does 831 divide 122900745?
True
Is 3163 a factor of 43662052?
True
Is 46632201 a multiple of 15?
False
Does 5242 divide 130735480?
True
Is 11 a factor of 17174190?
True
Is 62852892 a multiple of 11?
False
Is 30681820 a multiple of 2587?
True
Is 4242263693 a multiple of 9017?
False
Is 1702 a factor of 88464854?
True
Does 10 divide 42706765?
False
Does 21 divide 211381?
False
Is 12 a factor of 16400045?
False
Does 5490 divide 4542295430?
False
Is 107723923 a multiple of 64?
False
Does 90 divide 1041386700?
False
Does 365 divide 10375125?
True
Is 129 a factor of 15314068?
False
Is 241138620 a multiple of 4995?
True
Is 296 a factor of 132365355?
False
Is 13942338 a multiple of 3?
True
Is 21 a factor of 94230510?
False
Is 49463435 a multiple of 2905?
True
Is 626350766 a multiple of 4294?
False
Is 2758 a factor of 511697256?
True
Is 662912317 a multiple of 89?
True
Is 188 a factor of 106833632?
True
Is 587 a factor of 17849496?
True
Is 151 a factor of 3504655187?
True
Does 56 divide 3536209?
False
Is 45 a factor of 6916055?
False
Does 9 divide 434290581?
True
Does 4 divide 214300915?
False
Does 46 divide 1396664?
False
Is 166 a factor of 5284776?
True
Is 30445230 a multiple of 166?
True
Does 3781 divide 89576822?
False
Is 1020 a factor of 77505720?
True
Does 8 divide 41501553?
False
Does 14 divide 52779122?
False
Is 443 a factor of 386002367?
False
Is 1987956054 a multiple of 2394?
True
Is 8 a factor of 7998114?
False
Is 17 a factor of 10936253?
True
Is 100 a factor of 1021308300?
True
Is 13 a factor of 167759631?
True
Does 37 divide 1659825910?
False
Does 157 divide 96029207?
True
Does 76 divide 111329588?
True
Does 445 divide 392504248?
False
Is 37204448 a multiple of 47?
True
Is 1595593810 a multiple of 7911?
False
Is 15 a factor of 83015548?
False
Is 521212933 a multiple of 1626?
False
Is 1165216262 a multiple of 11?
False
Does 10 divide 1261490934?
False
Is 79 a factor of 51071153?
False
Is 657 a factor of 2886858?
True
Does 1747 divide 349234035?
True
Is 126714112 a multiple of 896?
True
Does 45 divide 8744081?
False
Does 45 divide 29378205?
True
Is 240634635 a multiple of 4990?
False
Does 51 divide 21590024?
False
Does 34 divide 41364230?
True
Is 699 a factor of 343681560?
False
Does 666 divide 44312648?
False
Is 1750446219 a multiple of 6952?
False
Does 6638 divide 2923142870?
True
Is 4967964 a multiple of 12?
True
Is 30378887 a multiple of 15?
False
Is 74700952 a multiple of 3?
False
Is 5944220 a multiple of 17?
True
Does 90 divide 33072390?
True
Is 3 a factor of 1705851?
True
Is 11 a factor of 45418386?
False
Is 4459 a factor of 2285656646?
True
Is 38 a factor of 199703610?
False
Does 74 divide 59060584?
True
Does 623 divide 28000112?
True
Does 1818 divide 505932843?
False
Is 50 a factor of 117062550?
True
Does 511 divide 1209819688?
False
Does 17 divide 4211855502?
True
Is 12 a factor of 234013236?
True
Is 26 a factor of 12397502?
True
Is 66797996 a multiple of 19?
True
Is 18868901 a multiple of 1288?
False
Is 20 a factor of 803597093?
False
Is 44244970 a multiple of 385?
True
Is 93286588 a multiple of 137?
True
Does 15 divide 2039751485?
False
Is 1497 a factor of 35476711?
False
Is 710918984 a multiple of 431?
True
Is 59522162 a multiple of 120?
False
Is 418 a factor of 44581399?
False
Does 29 divide 1545586001?
True
Is 648 a factor of 1741567392?
True
Does 171 divide 3503693043?
True
Is 1932796769 a multiple of 77?
False
Does 10738 divide 3163485886?
False
Is 157722138 a multiple of 18?
True
Does 11 divide 32799250?
True
Is 9854233497 a multiple of 6939?
True
Does 12 divide 170309496?
True
Is 678054834 a multiple of 89?
False
Is 111 a factor of 1138939920?
True
Does 32 divide 4172811148?
False
Is 1289 a factor of 2417269434?
True
Is 39 a factor of 750875151?
True
Does 214 divide 28884002?
False
Is 26 a factor of 17361604?
True
Is 1272636445 a multiple of 3515?
False
Does 23 divide 682323655?
False
Does 216 divide 14567688?
True
Is 144879231 a multiple of 147?
True
Is 96 a factor of 2582975?
False
Is 78408459 a multiple of 9?
True
Is 5219 a factor of 1188820353?
True
Does 746 divide 3135473621?
False
Is 191 a factor of 70326338?
False
Is 618 a factor of 31452492?
True
Is 213 a factor of 956773474?
False
Does 117 divide 15826473?
True
Is 198003230 a multiple of 265?
True
Is 9 a factor of 520076115?
True
Does 4840 divide 910389480?
True
Is 609050644 a multiple of 199?
True
Is 1137 a factor of 242842734?
True
Does 758 divide 41866656?
False
Is 197497854 a multiple of 256?
False
Is 42 a factor of 847755635?
False
Is 52122146 a multiple of 158?
True
Does 35 divide 45302735?
False
Is 524613026 a multiple of 322?
True
Does 932 divide 2524397?
False
Does 13 divide 456213606?
False
Is 15 a factor of 11479545?
True
Is 101 a factor of 2834867958?
False
Is 7 a factor of 14143703?
True
Is 1590993572 a multiple of 165?
False
Is 3488689 a multiple of 163?
True
Is 182442608 a multiple of 8?
True
Does 4703 divide 713118315?
False
Does 4642 divide 4737315142?
False
Is 2517 a factor of 4137125559?
False
Is 8537 a factor of 1306485406?
True
Does 496 divide 132187564?
False
Is 15 a factor of 33540420?
True
Is 28 a factor of 240075455?
False
Is 775631010 a multiple of 1155?
True
Is 1485484299 a multiple of 6183?
True
Does 289 divide 283541641?
False
Does 20 divide 1581632020?
True
Is 48 a factor of 2181112944?
True
Is 7297 a factor of 105084097?
True
Is 81 a factor of 86273262?
True
Is 18956010 a multiple of 11?
False
Is 33393500 a multiple of 203?
True
Does 11 divide 101754895?
True
Is 46238724 a multiple of 12?
True
Is 241830969 a multiple of 42?
False
Does 71 divide 793834173?
True
Does 13 divide 301669160?
True
Is 18863642 a multiple of 34?
True
Does 164 divide 290009892?
True
Does 29 divide 187076778?
False
Is 219635850 a multiple of 42?
True
Is 22 a factor of 681492439?
False
Is 13918257 a multiple of 9?
True
Is 54 a factor of 4216432038?
False
Does 2424 divide 1909120767?
False
Is 29 a factor of 22770713?
True
Is 50 a factor of 34756700?
True
Does 2 divide 47806385?
False
Is 3125783752 a multiple of 7?
True
Does 1304 divide 137777401?
False
Is 15 a factor of 3221775?
True
Is 866 a factor of 123980024?
True
Is 1264518489 a multiple of 260?
False
Is 449 a factor of 11647632?
False
Is 6829487 a multiple of 135?
False
Is 190289514 a multiple of 18?
False
Is 1524816820 a multiple of 241?
False
Is 34 a factor of 16500982?
True
Is 67 a factor of 4937096?
True
Is 2214 a factor of 479379708?
True
Is 12950816 a multiple of 56?
False
Is 93196169 a multiple of 8?
False
Does 146 divide 58908200?
False
Is 723 a factor of 26492012?
False
Is 1448719 a multiple of 31?
False
Does 2165 divide 649090722?
False
Is 9 a factor of 1409967657?
True
Does 3693 divide 224719050?
True
Is 68 a factor of 75560970?
False
Is 1403096080 a multiple of 3632?
True
Is 796 a factor of 68399337?
False
Is 79150432 a multiple of 8?
True
Does 9289 divide 632469432?
True
Does 63 divide 32383067?
False
Is 3 a factor of 1480924?
False
Is 24 a factor of 535986960?
True
Is 119 a factor of 104621825?
True
Is 29890261 a multiple of 827?
True
Does 527 divide 22713173?
True
Is 1766 a factor of 32407869?
False
Is 84563363 a multiple of 14?
False
Is 146 a factor of 179276867?
False
Is 13 a factor of 2622287825?
False
Does 21 divide 152396472?
False
Does 22 divide 30925197?
False
Does 4 divide 31556604?
True
Is 954 a factor of 50771100?
False
Does 456 divide 54367497?
False
Does 32 divide 102939341?
False
Does 420 divide 144681180?
True
Is 24170498 a multiple of 374?
True
Is 